Suppose -h = -3*l + 49, -2*l - h = -2*h - g. What is the units digit of l?
5
Suppose -2*t + 1 - 9 = 0. Let k be 52/14 + t/(-14). Suppose u - k*v = -3*v + 5, -2*u = 4*v + 2. What is the units digit of u?
3
Let m = 2 + -2. Let k(t) = t**3 + 2*t**2 - 4*t - 3. Let n be k(-3). Suppose n = -3*y + 9 - m. What is the units digit of y?
3
Let o(d) = -d**3 + 7*d**2 - d + 7. Let p(a) = a**3 - 12*a**2 + 12*a - 4. Let g be p(11). Let b be o(g). Suppose b*l - 40 = -4*l. What is the tens digit of l?
1
Let k = -2 + 2. Suppose k*m - 140 = -5*m. What is the units digit of m/6 + (-6)/9?
4
Suppose -30 = 3*b + 36. Suppose s = -q - 13, 4*s = -8*q + 3*q - 65. Let c = q - b. What is the units digit of c?
9
Suppose -5*t + 42 = -2*j - 250, -294 = -5*t + 4*j. What is the units digit of t?
8
What is the units digit of 1/(2/48*2)?
2
Suppose -2*c - 2*t - 72 = 0, -3*c + 3*t + 2*t = 124. Let n = -14 - c. What is the tens digit of n?
2
Let h = 66 + 29. What is the units digit of h?
5
Let j(c) = -4*c**2 + 0*c**2 - 10 + 3*c**2 + 9*c. Let x be (0 - 7/2)*-2. What is the units digit of j(x)?
4
Let r(j) = j + 1. Let c be r(5). Let n = -3 + c. Suppose -n*m + 40 = m. What is the units digit of m?
0
Let x(a) = 2*a - 9. Let f be x(6). Let p(k) = 4*k + 4*k + 11*k + 2 - 14*k. What is the tens digit of p(f)?
1
Let x(n) = -n**2 - 5*n - 1. Suppose 4*r = 18 - 6. Let h = r + -6. What is the units digit of x(h)?
5
Let i = 56 + -30. Suppose 5*b + i = 91. What is the units digit of b?
3
Suppose -2*u + v - 10 = -3*u, -5*u - 3*v + 46 = 0. What is the units digit of u?
8
Suppose 5*p - 345 = 5*d, -5*p + 0*p + 3*d = -347. What is the units digit of p?
0
Let s be ((-21)/(-15))/(2/70). Let a = s + -22. What is the units digit of a?
7
Let j(k) be the first derivative of 3*k**2/2 - k - 3. Let o be j(1). Suppose o*z - 2 = 20. What is the tens digit of z?
1
Suppose -292 = -5*g - 22. What is the units digit of g?
4
Let h = -5 + 2. Let v(k) = -6*k + 2. Let o be v(4). Let u = h - o. What is the tens digit of u?
1
Let i = -31 - -55. What is the units digit of i?
4
Suppose 25 = -5*y + 5. Let v = -4 - y. Suppose 2*x + x - 9 = v. What is the units digit of x?
3
Suppose -5*t - 21 = 2*v, -5*t - 18 - 7 = 0. Suppose -4*s + 12 = -3*s - v*b, 4*b - 8 = 0. Suppose -4 + s = g. What is the units digit of g?
2
Suppose 108 = o + 3*o - 4*l, -5*l + 41 = 3*o. What is the tens digit of o?
2
Let o = 10 + -6. Suppose 18 = -u - o*x + 9*x, -x + 4 = 0. Suppose z + u*l = 15, -2*z - 2*l + 27 = 7. What is the units digit of z?
5
Suppose 8*s = 4*s + 72. What is the units digit of s?
8
Let z(a) = -2*a - 1. Let u be z(-4). Suppose -7 = -u*s + 329. What is the units digit of s?
8
Let t(z) = z**3 + 4*z**2 + 5*z. Suppose 3*v + 1 = -11. Let o be t(v). Let q = o - -39. What is the tens digit of q?
1
Suppose 26*m - 27*m = -157. What is the tens digit of m?
5
Let l be (6/(-4))/((-9)/24). Suppose -h = -3*h - l. What is the units digit of h*(-1 + 3)/(-2)?
2
Let r(a) = 14*a**2 - 15*a**2 + 1 + 0*a + 5*a. Suppose 4*u - 2*u + 6 = 2*k, 3*k - 9 = -2*u. What is the units digit of r(k)?
7
Suppose -4*s - 22 + 2 = 0. Let j(c) = -2*c - 4. Let o be j(s). Suppose 6 + o = 2*v. What is the units digit of v?
6
Let h = 82 + 46. What is the units digit of h?
8
Let l = -1 - -1. Suppose l = -0*p - 3*p + 15. Suppose k + 4*k - p = 0. What is the units digit of k?
1
Suppose -5*v + 2*m = -3*m - 195, 0 = -5*m - 20. What is the tens digit of v?
3
Let h(l) = 2*l**3 + l**2 + 2*l. Let i(a) = -5*a**3 - a**2 - 4*a + 1. Let k(u) = 7*h(u) + 3*i(u). Suppose 4*p - 3*p = 4. What is the tens digit of k(p)?
1
Suppose 0 = -3*y + y + 132. What is the units digit of y?
6
Let w(u) be the second derivative of u**4/12 - u**3/3 - 3*u**2/2 - u. What is the tens digit of w(5)?
1
Suppose -19 = -3*u - 5*a, -4*a + 11 = 4*u - 9. Suppose -u*j - 2*j = 5. Let f = j + 4. What is the units digit of f?
3
Suppose 0 = -5*h + 5. Suppose 0*r - r + 12 = 0. What is the units digit of r - (-6)/((-2)/h)?
9
Let a = 3 - 4. Let o be a + 4 + 0 + -1. Suppose -4*j - 36 = -2*m, o*j + 0*j - 14 = -3*m. What is the units digit of m?
8
Let c(a) = a**3 - 2*a**2 + 2*a + 3. Let w be c(3). Suppose -5*t + 2*x = 16 + 14, 2*t + 12 = x. Let g = t + w. What is the tens digit of g?
1
Suppose -8 - 1 = -m. Let c = -3 + m. What is the units digit of c?
6
Let w = 3 - -2. Suppose 4 = w*f - 56. What is the units digit of -3*(-2)/12*f?
6
Let u = -18 + 6. Let a be (u/(-10))/((-4)/(-20)). Suppose 0 = -3*o + 42 - a. What is the tens digit of o?
1
Let f(y) = -20*y**3 + y + 1. Let a be f(-1). Let v be (a/(-6))/(2/(-9)). Let h = v - 9. What is the units digit of h?
6
Let k = 94 - 49. Let t = k - 22. What is the tens digit of t?
2
Let s be ((-8)/(-20))/(4/10). Let r be (-12)/5*(-10)/3. Let b = r - s. What is the units digit of b?
7
Let h(f) = -f**3 - 8*f**2 - 8*f + 2. Let u be h(-7). Suppose 0 = 5*c - 5*s - 0*s - 95, 3*s = -c + 7. Let p = c - u. What is the units digit of p?
7
Let g = 565 + -280. What is the hundreds digit of g?
2
Let j(a) = -3*a**2 - 4*a - 3*a**2 + 4*a**2 - 1 + a**2. What is the units digit of j(-2)?
3
Let a = -4 + 7. Let s(p) = p + 4. Let v be s(a). Suppose -2*y - 5*d = 3, y - v - 2 = d. What is the units digit of y?
6
Let n(t) = -t**2 - 9*t - 5. Let r be n(-8). Let x(v) = v**3 + 7*v**2 - 2*v - 7. Let i be x(-7). Suppose r*q - i*q = -4. What is the units digit of q?
1
Let a(x) be the second derivative of -x**6/720 - x**5/60 - x**4/12 + 2*x. Let g(q) be the third derivative of a(q). What is the units digit of g(-8)?
6
Suppose a + 4*m + 9 = 0, 0 = -5*a - 10*m + 5*m - 15. Let o(s) = -s**3 + 2*s**2 - 1. Let w be o(a). Suppose 0 = -k + 10 - w. What is the units digit of k?
8
Let m = 44 + -37. What is the units digit of m?
7
Suppose 3*a - a - c = -22, -14 = a - 2*c. Let o(y) = -2*y - 14. Let p be o(a). Let k = 7 - p. What is the units digit of k?
1
Suppose 2*n - 6 - 52 = 0. What is the tens digit of n?
2
Suppose j = 5*j. Suppose 2*r + j*r = 62. What is the tens digit of r?
3
Suppose 3*a + 2*l = 3, 0*l + 4*l = -5*a + 3. Suppose 0 = -j + 2*c + a*c + 17, -2*c = -4*j + 32. What is the units digit of j?
7
Let n be (-2)/8 + 7/28. Suppose -2*f = -n*f + 8. What is the tens digit of 195/12 + 1/f?
1
Let b(s) be the first derivative of -4*s**2 + 1/4*s**4 + 2*s**3 + 2*s + 1. What is the units digit of b(-7)?
9
Suppose 0 = 2*m + 3*m - 150. What is the tens digit of m?
3
What is the tens digit of (-482)/(-2 - (-1 + 1))?
4
What is the units digit of 8/14 - 1122/(-21)?
4
Suppose 37 = w + 5*a, 3*w - w - 2*a = 62. Suppose -w = 3*u + 19. Let l = u + 25. What is the units digit of l?
8
Suppose 0*o - 4*g = 2*o - 64, -2*o = g - 55. What is the tens digit of o*((-9)/(-6))/3?
1
Suppose -z + 80 = -2*n, z + 26 - 108 = 3*n. What is the tens digit of z?
7
Suppose -4*b + 90 = 4*c - 6*b, 3 = 3*b. Suppose -u + c = -45. Suppose -4*t = -4*y - u, 0 = 4*t + 3*y - 45 - 44. What is the units digit of t?
0
Let s be (-1)/(-2)*(2 + 0). Suppose 9 - s = 2*j. Suppose q = -3*c, 4*c - 12 = -j*q + 4. What is the units digit of q?
6
Suppose 0 = 5*c - 2*d - 2*d - 842, 0 = 4*c - 5*d - 670. What is the hundreds digit of c?
1
Let v = -5 + -31. Let s = v + 58. What is the tens digit of s?
2
Let h be (-36)/(-15) - (-4)/(-10). Suppose 0*t + 4*t - 4*k = 52, -41 = -h*t + 5*k. What is the units digit of t?
8
Let c(q) = -q**3 - 13*q**2 + 19. What is the units digit of c(-13)?
9
Let v be (-12)/20 + 426/10. Let g = -16 + v. What is the units digit of g?
6
Suppose -4*l + 64 + 48 = 0. Let f = l - 14. Suppose 11 + f = 5*y. What is the units digit of y?
5
Let d be -4*(-1)/2*17. Suppose 0*h = m - 4*h + d, -70 = 3*m - 4*h. What is the units digit of (2/4)/((-1)/m)?
9
Let c = -3 - -3. Suppose -3 = 4*w - q - 19, c = -2*q + 8. What is the units digit of w?
5
Suppose z - 16 - 10 = 0. Let c = 50 - z. What is the units digit of c?
4
Let k(p) = p**3 + 6*p**2 + 7. Let g = -2 - 4. What is the units digit of k(g)?
7
Suppose -5*i + 138 - 33 = 0. What is the units digit of i?
1
Let g = -6 + 9. Suppose -87 = -3*p - p - 3*s, 3*p = g*s + 81. What is the units digit of p?
4
Suppose 14 = 3*h - 1. What is the units digit of ((-14)/h)/(1/(-5))?
4
Suppose 5*h - n = 42, 4*h - 17 = -5*n + 5. Suppose 4*a - h + 0 = 0. What is the units digit of a?
2
Let m(i) = 2*i - 6. Suppose 3*u = 12, -3*q + 68 = q + 3*u. What is th